et f = n - 72. What is the greatest common factor of 28 and f?
14
Let k = 68 + -52. Calculate the highest common divisor of k and 16.
16
Suppose 2 = -4*v + 14. Suppose 2*r - 220 = -4*t, -4*t - v*r + 91 + 131 = 0. What is the highest common divisor of 6 and t?
6
Let a(n) = -47*n + 2. Suppose 3*c = -2*c - 10. Let u be a(c). Suppose -3*s = b - 3*b + 15, 0 = -b + 3*s + 3. Calculate the greatest common divisor of u and b.
12
Let r(b) = b**3 + 2*b**2 - 1. Let q be r(-1). Suppose -18 = -4*p - c, q*c = 2*c - 4. What is the highest common factor of 32 and p?
4
Let m be -2 + 20/(-30)*(0 + -36). Calculate the highest common divisor of m and 66.
22
Let t be 8/10*(-5)/2. Let x be ((-2)/2)/(t/28). Suppose z + 177 = 3*k - 163, 128 = k - 4*z. What is the greatest common factor of k and x?
14
Let m(l) = -13*l + 1. Let s be m(-7). Let w = 134 - s. Calculate the greatest common factor of w and 21.
21
Let g(c) = 2*c**2 - 7*c + 7. Let z be g(5). Suppose u = -t + 2*u + 5, -2*t + z = u. Suppose -5*y + 24 = -y. What is the greatest common divisor of t and y?
3
Suppose 408 = 7*a + 100. Let n = -11 - -15. What is the highest common divisor of a and n?
4
Let r(p) = -7*p - 27. Let u be (-7)/14 + 21/(-2). Let o be r(u). What is the greatest common factor of o and 10?
10
Let h be 0 + (1 - (-1 + 1)). Suppose -v - 1 - h = 0. Let s be -2*3/v - 1. What is the greatest common factor of 4 and s?
2
Let m = 449 - 305. Suppose 0 = 2*k + 2*k - 64. What is the greatest common divisor of m and k?
16
Suppose -6*q + 6 = -3*q. Let u be -12*(3/(-6))/1. Suppose 2*b - u + q = 0. What is the greatest common divisor of b and 1?
1
Let m = 3 - -8. Let l = 22 - m. Calculate the highest common divisor of 11 and l.
11
Let i = 12 - 8. Suppose y - i*y + 132 = 0. Let f be (2 - -24) + -13 + 9. Calculate the highest common factor of y and f.
22
Let h(z) = 5*z**2 - 5 - z**3 - 1 + z + 3*z. Let s be h(5). Suppose -2*p + 56 = 2*p. Calculate the highest common factor of p and s.
14
Let n = 8 - -6. Calculate the greatest common divisor of 2 and n.
2
Let w = -7 + 4. Let j be 3*((-10)/6 + w). Let q = 26 + j. What is the greatest common factor of q and 108?
12
Let v be 2/(-7) - 58/(-7). Suppose -7*h = 12*h - 380. Calculate the highest common factor of v and h.
4
Let m = 4 + 3. What is the highest common factor of m and 7?
7
Let b = 4 - -6. Calculate the highest common factor of 15 and b.
5
Let a(t) = t**2 + 7*t - 5. Let l be a(-7). Let h be 12/(-7) - 2/7. Let i be h/l + 83/5. What is the highest common factor of i and 17?
17
Let w = 48 + -33. Suppose 3*y = 5*v - w, -5*y = -4*v - 0*v + 12. Let o be (162 - -3) + v/1. Calculate the highest common factor of 21 and o.
21
Let p(l) = 12*l**2 + 8*l + 8. Let w be p(-4). Calculate the greatest common factor of w and 21.
21
Suppose -14*j - 1 = -15*j. Let g = 10 + -7. Calculate the highest common divisor of g and j.
1
Let g = 131 + -66. Let a = g + 119. Calculate the greatest common divisor of 23 and a.
23
Let u(y) = 2*y**2 - 8*y + 12. Let f be u(5). Calculate the greatest common divisor of f and 110.
22
Let j(c) = -2*c. Let i be 5*(1 + 2/(-1)). Let y be j(i). What is the greatest common divisor of y and 80?
10
Suppose 3*z = -4*u - 4 + 16, 0 = u + 5*z + 14. Calculate the greatest common factor of u and 30.
6
Let a be (-6)/9*6 - -1. Let h be (a/9)/((-4)/132). What is the highest common divisor of h and 1?
1
Let o be 1/((-2)/(-138)) - -3. What is the greatest common factor of 9 and o?
9
Let t be ((-4)/(-2) + -1)*-2. Let x(r) = -6*r + 2. Let w be x(t). Calculate the greatest common divisor of 154 and w.
14
Let y be (-5 - -1)*5/(-2). Suppose 2*b + 3*b = 0. Let z be -2 + 1 + b + 21. What is the highest common factor of z and y?
10
Suppose 4 + 38 = 3*n. Let h = -4 - -8. Let z be -6 + h + 72/1. Calculate the greatest common factor of z and n.
14
Suppose -4*a - 4*l + 1 + 11 = 0, 3*a + 5*l + 1 = 0. What is the highest common factor of 12 and a?
4
Let b = -2 + 7. Let p = 25 - b. What is the highest common factor of p and 60?
20
Suppose -2*g - x = -8, -x - 10 = -g - 3*g. Calculate the highest common divisor of g and 12.
3
Let l = 15 - 5. Let o(s) be the third derivative of -s**5/60 - 7*s**4/12 + 8*s**3/3 + 2*s**2. Let k be o(-12). Calculate the greatest common divisor of k and l.
10
Let y(f) = -7*f - 4. Let p be y(-4). Calculate the greatest common divisor of p and 6.
6
Let k(q) = -q**3 + 6*q**2 - 5*q + 9. Let s be k(5). What is the greatest common factor of s and 45?
9
Let r be ((-8)/3)/((-2)/3). Suppose -4*o + 50 = -30. Calculate the greatest common divisor of o and r.
4
Suppose 5*v = 3*y - 5 - 3, 2*y + 4*v = 20. Suppose s - 216 = -3*s. What is the highest common divisor of s and y?
6
Let t(p) be the third derivative of -p**4/2 - p**3/6 + 3*p**2. Let h be t(-2). Calculate the highest common factor of h and 207.
23
Let s = 27 + 66. Let z = s + -23. What is the greatest common divisor of 10 and z?
10
Let i = 1 - -3. Suppose i*o = 3*o + 84. Calculate the highest common factor of 12 and o.
12
Let x(s) = s**3 + 7*s**2 + 3*s - 6. Let m = 2 + -8. Let k be x(m). What is the highest common factor of k and 12?
12
Suppose 4*d = 10 + 22. Suppose m = 2*y - 5, -3*y + 0 + d = -m. Suppose -2*q - y*q = -70. Calculate the greatest common factor of 154 and q.
14
Let t = -5 - -6. Let c be (-65)/(-9) - (-2)/(-9). Let x = 0 + c. What is the highest common factor of t and x?
1
Suppose -6 = c - 8. Suppose -5*b + 5*y + 275 + 370 = 0, c*b - 238 = -3*y. Calculate the highest common factor of b and 50.
25
Suppose v = 6*v - 75. Calculate the highest common divisor of v and 30.
15
Suppose -d - 249 = -2*c, c + d - 138 = -3*d. Suppose -4*v = -0*v + z - 76, 3*v - 3*z - 42 = 0. What is the highest common factor of v and c?
18
Suppose 232 = -31*h + 35*h. Suppose 7*s - 54 - h = 0. Calculate the highest common factor of 128 and s.
16
Let a = 6 + -4. Suppose g - 4*k + 9 = 2*g, -3*k + 4 = -a*g. Suppose -4*o + 115 = -5*r, -r - g = -2. What is the highest common divisor of 12 and o?
6
Let d(r) = r**3 - 4*r**2 - 3*r + 4. Let n be d(5). Let w = 29 - 22. What is the greatest common factor of w and n?
7
Let p be ((-90)/(-50))/(3/20) + -3. Suppose 5*r + 3*f = 18, r + 2*f + 1 = 6. Calculate the greatest common factor of r and p.
3
Let j(m) = -9*m - 6. Let o be j(-6). Let l(d) = d**3 + 7*d**2 - d + 9. Let z be l(-7). Calculate the highest common factor of o and z.
16
Suppose -m + 7*m = 90. Calculate the highest common factor of 6 and m.
3
Suppose -w - 4 = -f, 3*f + 2*f = -5*w. Suppose f*s - 16 = s. Suppose 18*c + 80 = 23*c. Calculate the highest common factor of s and c.
16
Let r = 0 + 2. Suppose r*t - 29 = 27. What is the greatest common factor of 4 and t?
4
Let n = 131 + -99. Calculate the highest common divisor of n and 8.
8
Let u(f) = -f - 5. Let k be u(-9). Let s be (-2)/(-1) + 0/k. Suppose i = -s*i + 21. What is the highest common divisor of i and 7?
7
Let j = 500 + -318. What is the highest common divisor of j and 26?
26
Suppose -3*i + 24 = 4*l + i, 2*l + 4*i - 4 = 0. Calculate the highest common factor of 50 and l.
10
Let x(o) = -o**3 - 8*o**2 - o + 2. Let u be x(-8). Suppose p = 6*p + u. Let g = 3 + p. Calculate the highest common factor of g and 11.
1
Let k be 39 + -3 + (2 - -1). Calculate the highest common divisor of k and 26.
13
Suppose 3*f - 2*d = -d + 129, 5*d - 195 = -5*f. What is the highest common divisor of f and 28?
14
Suppose -4*s = -10 + 2. Suppose 3*f + 3*x - 62 = x, 4*x = -s*f + 52. What is the greatest common divisor of 126 and f?
18
Suppose 3*r + 2*q - 1 = 0, -r - 3*r + 7 = -3*q. Suppose d + 15 = 5*m - d, -3*m = -5*d + 10. What is the greatest common factor of r and m?
1
Suppose -90 = 21*w - 30*w. Calculate the highest common factor of 25 and w.
5
Suppose 4*v = 31 + 21. Suppose 2 = -l + v. Calculate the highest common divisor of 77 and l.
11
Suppose -5*v = -0*v - 65. What is the highest common factor of v and 13?
13
Let f be 35*(0 + 1)/1. Suppose c - 5*v = -13, 0 = 4*v - 9 - 7. What is the highest common factor of f and c?
7
Let j be (24/10)/(-2)*660/(-18). Suppose -3 - 1 = -5*w - 2*k, 7 = 2*w - k. Suppose -9 - w = -s. What is the highest common factor of j and s?
11
Let j be ((-24)/160)/(2/48)*-30. Calculate the highest common factor of j and 18.
18
Suppose 10 = 5*i - 5. Suppose -d - m - 18 = 0, -